{"id":6,"date":"2020-12-23T16:18:39","date_gmt":"2020-12-23T16:18:39","guid":{"rendered":"https:\/\/bim-eco.3andres.com\/?page_id=6"},"modified":"2023-02-07T13:53:02","modified_gmt":"2023-02-07T13:53:02","slug":"menu","status":"publish","type":"page","link":"https:\/\/bim-eco.3andres.com\/","title":{"rendered":"Menu"},"content":{"rendered":"<div class=\"main-menu\">\n<div class=\"item\">\n\t\t<a href=\"?product_cat=isolation\"><img decoding=\"async\" src=\"https:\/\/bim-eco.3andres.com\/wp-content\/uploads\/2020\/12\/icn_1.svg\" alt=\"ISOLATION, bimeco, Mat\u00e9riaux \u00e9cologiques, ecoconstruction, bim, biosourc\u00e9\"><br \/>\nISOLATION<\/a><\/div>\n<div class=\"item\">\n\t\t<img decoding=\"async\" src=\"https:\/\/bim-eco.3andres.com\/wp-content\/uploads\/2020\/12\/icn_2.svg\" alt=\"COUVERTURE, bimeco, Mat\u00e9riaux \u00e9cologiques, ecoconstruction, bim, biosourc\u00e9\"><br \/>\nCOUVERTURE<\/div>\n<div class=\"item\">\n\t\t<img decoding=\"async\" src=\"https:\/\/bim-eco.3andres.com\/wp-content\/uploads\/2020\/12\/icn_3.svg\" alt=\"MENUISERIE EXTERIEUR, bimeco, Mat\u00e9riaux \u00e9cologiques, ecoconstruction, bim, biosourc\u00e9\"><br \/>\nMENUISERIE EXTERIEUR<\/div>\n<div class=\"item\">\n\t\t<img decoding=\"async\" src=\"https:\/\/bim-eco.3andres.com\/wp-content\/uploads\/2020\/12\/icn_4.svg\" alt=\"BOIS, bimeco, Mat\u00e9riaux \u00e9cologiques, ecoconstruction, bim, biosourc\u00e9\"><br \/>\nBOIS<\/div>\n<div class=\"item\">\n\t\t<img decoding=\"async\" src=\"https:\/\/bim-eco.3andres.com\/wp-content\/uploads\/2020\/12\/icn_5.svg\" alt=\"METAL, bimeco, Mat\u00e9riaux \u00e9cologiques, ecoconstruction, bim, biosourc\u00e9\"><br \/>\nMETAL<\/div>\n<div class=\"item\">\n\t\t<img decoding=\"async\" src=\"https:\/\/bim-eco.3andres.com\/wp-content\/uploads\/2020\/12\/icn_6.svg\" alt=\"BETON, bimeco, Mat\u00e9riaux \u00e9cologiques, ecoconstruction, bim, biosourc\u00e9\"><br \/>\nBETON<\/div>\n<div class=\"item\">\n\t\t<img decoding=\"async\" src=\"https:\/\/bim-eco.3andres.com\/wp-content\/uploads\/2020\/12\/icn_7.svg\" alt=\"MENUISERIE INTERIEUR, bimeco, Mat\u00e9riaux \u00e9cologiques, ecoconstruction, bim, biosourc\u00e9\"><br \/>\nMENUISERIE INTERIEUR<\/div>\n<div class=\"item\">\n\t\t<img decoding=\"async\" src=\"https:\/\/bim-eco.3andres.com\/wp-content\/uploads\/2020\/12\/icn_8.svg\" alt=\"MOBILIER, bimeco, Mat\u00e9riaux \u00e9cologiques, ecoconstruction, bim, biosourc\u00e9\"><br \/>\nMOBILIER<\/div>\n<div class=\"item\">\n\t\t<img decoding=\"async\" src=\"https:\/\/bim-eco.3andres.com\/wp-content\/uploads\/2020\/12\/icn_9.svg\" alt=\"PEINTURES, bimeco, Mat\u00e9riaux \u00e9cologiques, ecoconstruction, bim, biosourc\u00e9\"><br \/>\nPEINTURES<\/div>\n<div class=\"item\">\n\t\t<img decoding=\"async\" src=\"https:\/\/bim-eco.3andres.com\/wp-content\/uploads\/2020\/12\/icn_10.svg\" alt=\"CUISINE, bimeco, Mat\u00e9riaux \u00e9cologiques, ecoconstruction, bim, biosourc\u00e9\"><br \/>\nCUISINE<\/div>\n<div class=\"item\">\n\t\t<img decoding=\"async\" src=\"https:\/\/bim-eco.3andres.com\/wp-content\/uploads\/2020\/12\/icn_11.svg\" alt=\"CARRELAGE, bimeco, Mat\u00e9riaux \u00e9cologiques, ecoconstruction, bim, biosourc\u00e9\"><br \/>\nCARRELAGE<\/div>\n<div class=\"item\">\n\t\t<img decoding=\"async\" src=\"https:\/\/bim-eco.3andres.com\/wp-content\/uploads\/2020\/12\/icn_12.svg\" alt=\"TEXTILE, bimeco, Mat\u00e9riaux \u00e9cologiques, ecoconstruction, bim, biosourc\u00e9\"><br \/>\nTEXTILE<\/div>\n<div class=\"item\">\n\t\t<img decoding=\"async\" src=\"https:\/\/bim-eco.3andres.com\/wp-content\/uploads\/2020\/12\/icn_13.svg\" alt=\"MURS, bimeco, Mat\u00e9riaux \u00e9cologiques, ecoconstruction, bim, biosourc\u00e9\"><br \/>\nMURS<\/div>\n<div class=\"item\">\n\t\t<img decoding=\"async\" src=\"https:\/\/bim-eco.3andres.com\/wp-content\/uploads\/2020\/12\/icn_14.svg\" alt=\"BRIQUES, bimeco, Mat\u00e9riaux \u00e9cologiques, ecoconstruction, bim, biosourc\u00e9\"><br \/>\nBRIQUES<\/div>\n<div class=\"item\">\n\t\t<img decoding=\"async\" src=\"https:\/\/bim-eco.3andres.com\/wp-content\/uploads\/2020\/12\/icn_15.svg\" alt=\"ECLAIRAGE, bimeco, Mat\u00e9riaux \u00e9cologiques, ecoconstruction, bim, biosourc\u00e9\"><br \/>\nECLAIRAGE<\/div>\n<div class=\"item\">\n\t\t<img decoding=\"async\" src=\"https:\/\/bim-eco.3andres.com\/wp-content\/uploads\/2020\/12\/icn_16.svg\" alt=\"VERRE, bimeco, Mat\u00e9riaux \u00e9cologiques, ecoconstruction, bim, biosourc\u00e9\"><br \/>\nVERRE<\/div>\n<div class=\"item\">\n\t\t<img decoding=\"async\" src=\"https:\/\/bim-eco.3andres.com\/wp-content\/uploads\/2020\/12\/icn_17.svg\" alt=\"PLASTIQUE, bimeco, Mat\u00e9riaux \u00e9cologiques, ecoconstruction, bim, biosourc\u00e9\"><br \/>\nPLASTIQUE<\/div>\n<div class=\"item\">\n\t\t<img decoding=\"async\" src=\"https:\/\/bim-eco.3andres.com\/wp-content\/uploads\/2020\/12\/icn_18.svg\" alt=\"ELECTROMENAGER, bimeco, Mat\u00e9riaux \u00e9cologiques, ecoconstruction, bim, biosourc\u00e9\"><br \/>\nELECTROMENAGER<\/div>\n<\/div>\n<div class=\"main-demo\"><a data-fancybox=\"\" href=\"https:\/\/www.youtube.com\/watch?v=h5Z58Lb_SWs\">DEMO<\/a><\/div>\n<div class=\"main-demo-sm\">\nNous ne pouvons pas continuer de b\u00e2tir comme nous le faisons actuellement.<br \/>\nBIM-ECO est une plateforme qui propose une biblioth\u00e8que d&#8217;objets 3D respectueux de l&#8217;environnement.<br \/>\nLes objets de cette biblioth\u00e8que sont une repr\u00e9sentation indicative de l&#8217;objet r\u00e9el, pour obtenir des informations plus pr\u00e9cises, il est sugg\u00e9r\u00e9 de contacter le fabricant.<\/p>\n<\/div>\n","protected":false},"excerpt":{"rendered":"<p>ISOLATION COUVERTURE MENUISERIE EXTERIEUR BOIS METAL BETON MENUISERIE INTERIEUR MOBILIER PEINTURES CUISINE CARRELAGE TEXTILE MURS BRIQUES ECLAIRAGE VERRE PLASTIQUE ELECTROMENAGER DEMO Nous ne pouvons pas&hellip;<\/p>\n","protected":false},"author":1,"featured_media":0,"parent":0,"menu_order":0,"comment_status":"closed","ping_status":"closed","template":"full-width-menu.php","meta":{"inline_featured_image":false,"footnotes":""},"class_list":["post-6","page","type-page","status-publish","hentry"],"_links":{"self":[{"href":"https:\/\/bim-eco.3andres.com\/index.php?rest_route=\/wp\/v2\/pages\/6","targetHints":{"allow":["GET"]}}],"collection":[{"href":"https:\/\/bim-eco.3andres.com\/index.php?rest_route=\/wp\/v2\/pages"}],"about":[{"href":"https:\/\/bim-eco.3andres.com\/index.php?rest_route=\/wp\/v2\/types\/page"}],"author":[{"embeddable":true,"href":"https:\/\/bim-eco.3andres.com\/index.php?rest_route=\/wp\/v2\/users\/1"}],"replies":[{"embeddable":true,"href":"https:\/\/bim-eco.3andres.com\/index.php?rest_route=%2Fwp%2Fv2%2Fcomments&post=6"}],"version-history":[{"count":19,"href":"https:\/\/bim-eco.3andres.com\/index.php?rest_route=\/wp\/v2\/pages\/6\/revisions"}],"predecessor-version":[{"id":241,"href":"https:\/\/bim-eco.3andres.com\/index.php?rest_route=\/wp\/v2\/pages\/6\/revisions\/241"}],"wp:attachment":[{"href":"https:\/\/bim-eco.3andres.com\/index.php?rest_route=%2Fwp%2Fv2%2Fmedia&parent=6"}],"curies":[{"name":"wp","href":"https:\/\/api.w.org\/{rel}","templated":true}]}}